ppose 0 = -b + 29 + l. Calculate the highest common divisor of 20 and b.
10
Let r = 3 - -6. Let m(b) = 2*b**2 + 161*b + 2709. Let k be m(-63). Calculate the highest common factor of k and r.
9
Let h(p) = -p**3 + 5*p**2 - 7*p + 3. Let o be h(2). Calculate the highest common divisor of 389 and o.
1
Let h(g) = -g**2 + 50. Suppose b - 2*b = 2*d + 15, d + b + 10 = 0. Let y be h(d). Calculate the greatest common divisor of 125 and y.
25
Suppose -113 - 1623 = -16*t - 136. What is the highest common divisor of t and 6040?
20
Let j(w) = -130*w + 7566. Let f be j(57). Calculate the highest common factor of 4914 and f.
78
Suppose 160 = -18*s + 38*s. Let v(q) = q + 5. Let f be v(-6). Let o be 20/f*(-1 + 0). What is the highest common factor of o and s?
4
Suppose -3*z = -z - 2*v - 26, -z = -2*v - 10. Let p be (186/4)/(3/96*(12 - 9)). What is the highest common factor of p and z?
16
Suppose 3 - 27 = -4*f, -x + 72 = 4*f. Let d(s) = 0 + 2*s + 6 - 3*s. Let i be d(0). What is the highest common divisor of i and x?
6
Suppose 11*f - 10*f = 0. Suppose -3*m = -m - 4*p - 6, -p + 2 = f. Suppose 26 = m*j - 9. Calculate the greatest common factor of j and 20.
5
Suppose 4*h - 1012 = -5*k, -h + 2 + 251 = -3*k. Suppose 4*f + h = 2*x + 49, -3*f - 309 = -3*x. Calculate the greatest common factor of x and 39.
13
Let t(p) = p**3 + 7*p**2 + 3*p + 10. Let m be t(-5). Let j = 125 - m. What is the greatest common divisor of j and 16?
16
Let r = -117 - -115. Let s be (70/105)/(r/(-9)) + 187. Calculate the highest common divisor of 76 and s.
38
Let i(l) = l**3 - 60*l**2 - 57*l - 223. Let n be i(61). What is the highest common factor of n and 399?
21
Let b(x) = x**2 + 12*x - 3. Let c be b(-12). Let f be 44*(-4 + 7)/c. Let v = -38 - f. Calculate the highest common divisor of v and 15.
3
Suppose -2*q = 4*n - 790, -3*q - 55*n + 1130 = -60*n. Calculate the greatest common factor of 105 and q.
35
Let h(a) = 21*a**2 + a - 6. Let i be h(2). Suppose i + 245 = 13*y. Calculate the greatest common divisor of 20 and y.
5
Let h = -259 - -305. Suppose -n + 4*n = -4*m + 160, 0 = n + 5*m - h. What is the greatest common factor of n and 616?
56
Let y(u) = 11*u - 27. Let b be y(-7). Let x = b + 110. Suppose 28 - x = 2*o. What is the greatest common factor of 44 and o?
11
Suppose 1035 + 2679 = 23*x - 1070. Calculate the greatest common factor of x and 2782.
26
Let i = 439 - 169. Let t = -214 + i. What is the greatest common divisor of t and 32?
8
Suppose n - 98 = -4*x + 10, 3*n - 142 = -5*x. Suppose 16 + x = 6*p. Let y be (28/12)/((-1)/(-3)). What is the greatest common divisor of p and y?
7
Let t = 7266 - 6645. Calculate the greatest common divisor of t and 351.
27
Let f be 124/8*-16 + -3*2. Let m be (17 + -19)*(f/4 + 2). Calculate the greatest common factor of 82 and m.
41
Let j be -1*(4/(-4) - 764). Let x = -701 + j. What is the highest common factor of x and 8?
8
Suppose -14*v + 15*v + 2*i - 33 = 0, -5*v - 4*i + 201 = 0. What is the highest common factor of v and 780?
15
Let v be (-1 - -8)/((-1)/(-4)). Suppose 2*h = -2*u - 3606, -2*h = 5*u - 8*u - 5419. Let d = u + 2029. Calculate the greatest common factor of d and v.
28
Let z(t) = 10*t - 4*t + 5*t**2 + 29 - 2*t**2 + 25 - 2*t**2. Let a be z(12). What is the highest common divisor of 20 and a?
10
Let p = 2631 - 2576. What is the highest common divisor of 1232 and p?
11
Suppose 52*q = 57*q - 1195. Suppose 4*o + j = -4*j + 289, q = 4*o - 5*j. Calculate the greatest common divisor of 165 and o.
33
Let o(m) = m**3 + m**2 - 2*m - 6. Let n be o(3). Let u be 3 - ((-2363)/34 + 1/2). What is the highest common factor of u and n?
24
Let n = -6415 - -7690. What is the highest common factor of n and 100?
25
Suppose 2*g - 3*g + 3*r = -34, -43 = -2*g + r. Suppose 3*c + 56 = -469. Let x = c - -270. What is the highest common divisor of g and x?
19
Let m = -740 + 740. Suppose m = -2*w + 2*r + 588 - 86, 12 = -3*r. Calculate the greatest common factor of 19 and w.
19
Let z(t) = -5*t + 3. Let u be z(-1). Let j(x) = 15*x - 21. Let c be j(u). What is the highest common divisor of c and 55?
11
Let o = 12 + 802. Calculate the highest common divisor of o and 370.
74
Let r(i) = -i**2 + i + 56. Let u be r(-7). Suppose t + 4*c + 3 - 20 = u, -t + 2*c + 47 = 0. Calculate the greatest common divisor of 37 and t.
37
Let y = -13349 + 18523. What is the greatest common factor of y and 104?
26
Suppose 74*g + 5 = 69*g. Let c be (g - -864)*(-5 + 10)/5. Suppose 3*i + 3*b = -2*i + c, 0 = 3*b - 3. What is the highest common factor of i and 43?
43
Let d(b) = -b**2 - 7*b + 122. Let a = -82 - -67. Let w be d(a). Calculate the greatest common factor of 2 and w.
2
Suppose 6*a - 41 - 115 = 0. Suppose 22*i + 2896 = a*i. Suppose c = -5, i = p + 2*p - 2*c. What is the greatest common factor of p and 14?
14
Let j = 33077 + -23023. Calculate the greatest common factor of 22 and j.
22
Suppose 3*m + 4*f = 212, 0 = m - 5*f - 58 - 19. Let k be 13 + (-7476)/(-90) + (-1)/15. Calculate the highest common divisor of m and k.
24
Let i = 61 - 42. Let s be (-2)/(-11) - (3318/(-22) - 4). Suppose c - s = -4*y, -3*y + 843 = -2*c + 7*c. Calculate the highest common factor of i and c.
19
Suppose -747*n = 745*n - 1498*n + 7380. Calculate the highest common divisor of n and 60.
30
Let a(j) = -2*j**3 - j**2 + j + 24. Let d(n) = 6*n + 42. Let f be d(-7). Let r be a(f). Calculate the highest common factor of 9 and r.
3
Let u(o) be the third derivative of o**4/3 - 15*o**3 + 181*o**2. Let q be u(17). Calculate the highest common divisor of 46 and q.
46
Let k = 48 + -42. Let y be 24/k - 12*-6. Suppose -7*s = -57 - y. What is the highest common factor of s and 19?
19
Let h be (-3)/12*-9 + 1/(-4). Let b be 3/(-6) + 39/h. What is the greatest common divisor of 1900 and b?
19
Suppose 0 = -17*w + 32830 - 32728. Calculate the greatest common divisor of 186 and w.
6
Let g(v) = v + 35. Let a be g(-30). Suppose 5*u + a*j - 80 = 0, 8*j = 4*u + 3*j - 100. What is the greatest common divisor of 1020 and u?
20
Let w be (-1 - -2)*((-2352)/(-6) - -13). Calculate the greatest common factor of 1755 and w.
135
Let d = -8 - -10. Let i(m) = m**2 + 7*m - 17. Let x be i(-10). Let w be 5592/312 - (-1)/x. Calculate the highest common divisor of d and w.
2
Let s = 804 + -595. Let m be 7011/s + (-12)/22. Calculate the greatest common divisor of 297 and m.
33
Let u = 2894 + -2872. Let a = 35 + 9. Calculate the greatest common divisor of a and u.
22
Let v = 178 - 176. Suppose -4*x - 5*t = -v*x - 21, 3*x - 15 = -2*t. Let p be 1/1 + 2 + 24. What is the greatest common factor of p and x?
3
Let a(r) = 18*r + 75. Let q = 50 + -57. Let d be a(q). Let j = d - -95. What is the highest common factor of j and 352?
44
Let a be 4/6 + (-21 + 24)*3110/45. What is the greatest common divisor of 10504 and a?
104
Let f be -2 - ((-4 - 2) + 0). Suppose 4*x + f = 0, -18*b = -14*b + 3*x - 481. What is the greatest common factor of 242 and b?
121
Suppose d + 4 = g - 23, 4*d - 3*g = -104. Let b(u) = -2*u**2 - 49*u - 51. Let v be b(d). Calculate the greatest common divisor of v and 198.
18
Let a(f) = f**3 - 6*f**2 + 7*f + 10. Let w be a(4). Suppose -w*t + 119 + 145 = 0. What is the highest common divisor of 33 and t?
11
Let i be (96/(-10))/((-2)/((-60)/(-9))). Let g be ((-180)/40)/((-6)/i). What is the highest common divisor of g and 3?
3
Let h = 28 - 41. Let a = 25 + h. Suppose -14*v + 298 = 172. Calculate the greatest common factor of v and a.
3
Suppose 4*d + 148 = 9*r - 6*r, 48 = r - 2*d. Calculate the highest common divisor of 221 and r.
13
Let n be 337 - (0/(-10 + 6 + 7) + -3). Calculate the greatest common divisor of 40 and n.
20
Suppose 3*o - 2*b = 1993, -4*o - 51*b + 54*b = -2658. What is the greatest common factor of o and 195?
39
Suppose 489*b - 449*b - 193120 = 0. What is the greatest common divisor of 68 and b?
68
Let m(s) = -s**3 - 3*s**2 - s - 3. Let q be m(-4). Let j = 93268 + -92299. What is the greatest common divisor of j and q?
17
Suppose 5*w = 2*z - 17, -4*z + 51 = -5*w - 8. Let c be 14/(-49) + 3366/z. Calculate the highest common factor of 5 and c.
5
Let m(q) = q**3 - 10*q**2 + 8*q + 6. Let v be m(10). Suppose v = 5*r - 134. Calculate the highest common divisor of 11 and r.
11
Let t(l) = -122*l - 2788. Let k be t(-23). What is the greatest commo